{"id":612,"date":"2015-04-21T13:30:00","date_gmt":"2015-04-21T11:30:00","guid":{"rendered":"http:\/\/www.francois-fiore.fr\/?page_id=612"},"modified":"2015-04-21T14:04:43","modified_gmt":"2015-04-21T12:04:43","slug":"tetaneutral-net","status":"publish","type":"page","link":"https:\/\/www.francois-fiore.fr\/?page_id=612","title":{"rendered":"Tetaneutral.net"},"content":{"rendered":"<p><a name=\"Adhesion\"><\/a>La <a href=\"http:\/\/ffdn.org\/\" target=\"_blank\">F\u00e9d\u00e9ration FDN<\/a>, dont tetaneutral.net est membre fondateur, regroupe des fournisseurs d&rsquo;acc\u00e8s \u00e0 Internet associatifs anim\u00e9s par des b\u00e9n\u00e9voles. Elle a \u00e9t\u00e9 cr\u00e9\u00e9e par des individus ayant des valeurs communes fortes : solidarit\u00e9, <a href=\"http:\/\/fr.wikipedia.org\/wiki\/Neutralit%C3%A9_du_r%C3%A9seau\" target=\"_blank\">la neutralit\u00e9 du r\u00e9seau<\/a>, permettre aux adh\u00e9rents de d\u00e9cider des actions de leur interm\u00e9diaire pour acc\u00e9der \u00e0 l&rsquo;internet, apporter \u00e0 leurs abonn\u00e9s toutes les possiblit\u00e9s offertes par Internet sans filtrage.<\/p>\n<p>Nous agissons pour d\u00e9fendre nos valeurs : la libert\u00e9 d&rsquo;expression sur le r\u00e9seau, la gestion participative et coop\u00e9rative du r\u00e9seau, la diffusion de la connaissance sur le fonctionnement du r\u00e9seau mondial Internet, la solidarit\u00e9. Pour toutes ces activit\u00e9s, qui sont essentielles \u00e0 la d\u00e9fense d&rsquo;un Internet libre nous avons besoin d&rsquo;\u00eatre nombreux. D&rsquo;abord d&rsquo;\u00eatre nombreux \u00e0 agir, ce que permet d&rsquo;essaimer un grand nombre d&rsquo;associations, mais aussi d&rsquo;\u00eatre nombreux \u00e0 soutenir, nombreux \u00e0 se tenir inform\u00e9s, nombreux \u00e0 relayer le message partout o\u00f9 c&rsquo;est n\u00e9cessaire.<\/p>\n<p>Pour toutes ces actions, ce n&rsquo;est pas tellement le nombre de nos abonn\u00e9s \u00e0 Internet qui compte mais bien le nombre de nos adh\u00e9rents. Bien entendu, plus nous sommes nombreux, plus nous avons de moyens par les cotisations, mais aussi plus nous avons de poids dans ce que nous disons, dans ce que nous pouvons relayer comme information partout en France.<\/p>\n<p>Ces moyens permettent \u00e0 tetaneutral.net de continuer \u00e0 fournir un acc\u00e8s internet solidaire gratuitement aux personnes dans le besoin comme au <a href=\"http:\/\/creatoulouse.squat.net\/\" target=\"_blank\">CREA<\/a>, de continuer \u00e0 fournir de l&rsquo;acc\u00e8s internet en zone blanche ADSL comme autour de Saint-Gaudens et Mon\u00e8s, et enfin d&rsquo;obtenir le statut de <a href=\"http:\/\/fr.wikipedia.org\/wiki\/Local_Internet_Registry\" target=\"_blank\">Local Internet Registry<\/a> et ainsi devenir un acteur compl\u00e8tement ind\u00e9pendant sur l&rsquo;internet.<\/p>\n<p>Le mardi 10 avril 2012 les dix associations membres de la <a href=\"http:\/\/ffdn.org\/\" target=\"_blank\">F\u00e9d\u00e9ration FDN<\/a> lancent une grande campagne d&rsquo;adh\u00e9sion. Objectif : 1000 membres cumul\u00e9s sur l&rsquo;ensemble des associations. 1000 voix unies derri\u00e8re une seule F\u00e9d\u00e9ration pour d\u00e9fendre la libert\u00e9 d&rsquo;expression et la neutralit\u00e9 du Net. Nous faisons donc appel \u00e0 chacun d&rsquo;entre-vous.<br \/>\nL&rsquo;objectif de 1000 membres a \u00e9t\u00e9 atteint en novembre 2012, mais \u00e7a ne doit qu&rsquo;encourager \u00e0 continuer&#8230;<\/p>\n<p><strong>Adh\u00e9rez<\/strong> \u00e0 l&rsquo;association en envoyant un courriel \u00e0 <code>adhesion at tetaneutral dot net<\/code> en pr\u00e9cisant vos nom, pr\u00e9nom, adresse postale et le montant choisi de cotisation. <strong>Le montant de la cotisation annuelle est libre<\/strong> avec comme indications : normal 20 euros, r\u00e9duit \u00e0 5 ou 10 ou 15 euros, plus de 20 euros si vous le souhaitez.<\/p>\n<p>Pour toute question sur l&rsquo;association tetaneutral.net, adh\u00e9sion, service, m\u00e9dia, nous sommes joignable de pr\u00e9f\u00e9rence par courriel:<br \/>\n<code>question@tetaneutral.net<\/code><br \/>\nou bien par t\u00e9l\u00e9phone au 05 33 00 33 36 mais sans garantie de r\u00e9ponse car nous sommes tous b\u00e9n\u00e9voles.<\/p>\n<p>Site Web de l&rsquo;association:\u00a0<a title=\"Tetaneutral.net\" href=\"http:\/\/tetaneutral.net\" target=\"_blank\">tetaneutral.net<\/a><\/p>\n","protected":false},"excerpt":{"rendered":"<p>La F\u00e9d\u00e9ration FDN, dont tetaneutral.net est membre fondateur, regroupe des fournisseurs d&rsquo;acc\u00e8s \u00e0 Internet associatifs anim\u00e9s par des b\u00e9n\u00e9voles. Elle a \u00e9t\u00e9 cr\u00e9\u00e9e par des individus ayant des valeurs communes fortes : solidarit\u00e9, la neutralit\u00e9 du r\u00e9seau, permettre aux adh\u00e9rents de d\u00e9cider des actions de leur interm\u00e9diaire pour acc\u00e9der \u00e0 \u2026 <a class=\"continue-reading-link\" href=\"https:\/\/www.francois-fiore.fr\/?page_id=612\"> Continue reading <span class=\"meta-nav\">&rarr; <\/span><\/a><\/p>\n","protected":false},"author":1,"featured_media":0,"parent":0,"menu_order":0,"comment_status":"closed","ping_status":"open","template":"","meta":{"jetpack_post_was_ever_published":false,"footnotes":""},"class_list":["post-612","page","type-page","status-publish","hentry"],"jetpack_shortlink":"https:\/\/wp.me\/P37ob6-9S","jetpack_sharing_enabled":true,"jetpack_likes_enabled":true,"jetpack-related-posts":[{"id":27,"url":"https:\/\/www.francois-fiore.fr\/?page_id=27","url_meta":{"origin":612,"position":0},"title":"Curriculum Vit\u00e6","author":"fiore","date":"31 d\u00e9cembre 2012","format":false,"excerpt":"Technicien R\u00e9seaux Informatiques EXPERIENCE PROFESSIONNELLE Du 20\/11\/15 \u00e0 aujourd\u2019hui Employ\u00e9 de boutique LDLC.com \u00e0 Toulouse, CDI - Conseil \/ Vente \/ Prise en charge clients\u00a0: identification des besoins, ouverture et gestion des tickets, pr\u00e9paration des commandes, gestion des stocks boutique - Param\u00e9trage mat\u00e9riel informatique et r\u00e9seau\u00a0: carte graphique, processeur, routeur,\u2026","rel":"","context":"Article similaire","block_context":{"text":"Article similaire","link":""},"img":{"alt_text":"","src":"","width":0,"height":0},"classes":[]},{"id":667,"url":"https:\/\/www.francois-fiore.fr\/?page_id=667","url_meta":{"origin":612,"position":1},"title":"Politique de confidentialit\u00e9","author":"fiore","date":"4 mars 2019","format":false,"excerpt":"Qui sommes-nous\u00a0? L\u2019adresse de notre site Web est\u00a0: http:\/\/www.francois-fiore.fr. Utilisation des donn\u00e9es personnelles collect\u00e9es Commentaires Quand vous laissez un commentaire sur notre site web, les donn\u00e9es inscrites dans le formulaire de commentaire, mais aussi votre adresse IP et l\u2019agent utilisateur de votre navigateur sont collect\u00e9s pour nous aider \u00e0 la\u2026","rel":"","context":"Article similaire","block_context":{"text":"Article similaire","link":""},"img":{"alt_text":"","src":"","width":0,"height":0},"classes":[]},{"id":98,"url":"https:\/\/www.francois-fiore.fr\/?page_id=98","url_meta":{"origin":612,"position":2},"title":"Portefeuille des comp\u00e9tences","author":"fiore","date":"9 janvier 2013","format":false,"excerpt":"Voici le portefeuille des comp\u00e9tences. \u00a0","rel":"","context":"Article similaire","block_context":{"text":"Article similaire","link":""},"img":{"alt_text":"","src":"","width":0,"height":0},"classes":[]},{"id":19,"url":"https:\/\/www.francois-fiore.fr\/","url_meta":{"origin":612,"position":3},"title":"Qui suis-je ?","author":"fiore","date":"31 d\u00e9cembre 2012","format":false,"excerpt":"Bonjour. Je\u00a0m\u2019appelle\u00a0Fran\u00e7ois FIORE, r\u00e9sidant actuellement \u00e0 Launaguet, je suis passionn\u00e9 par l\u2019informatique, je m\u2019int\u00e9resse de pr\u00e8s aux \u00e9volutions technologiques et\u00a0assure r\u00e9guli\u00e8rement l\u2019installation ou la maintenance de syst\u00e8mes informatiques. Voici mon site personnel sur lequel je vous ferai partager mes d\u00e9couvertes et innovations ;)","rel":"","context":"Article similaire","block_context":{"text":"Article similaire","link":""},"img":{"alt_text":"","src":"","width":0,"height":0},"classes":[]},{"id":392,"url":"https:\/\/www.francois-fiore.fr\/?page_id=392","url_meta":{"origin":612,"position":4},"title":"Formations","author":"fiore","date":"30 janvier 2013","format":false,"excerpt":"Voici les diff\u00e9rents projets que j'ai pu r\u00e9aliser lors de mes p\u00e9riodes de formations. Stage OCDE PPE Portefeuille des comp\u00e9tences","rel":"","context":"Article similaire","block_context":{"text":"Article similaire","link":""},"img":{"alt_text":"","src":"","width":0,"height":0},"classes":[]}],"_links":{"self":[{"href":"https:\/\/www.francois-fiore.fr\/index.php?rest_route=\/wp\/v2\/pages\/612","targetHints":{"allow":["GET"]}}],"collection":[{"href":"https:\/\/www.francois-fiore.fr\/index.php?rest_route=\/wp\/v2\/pages"}],"about":[{"href":"https:\/\/www.francois-fiore.fr\/index.php?rest_route=\/wp\/v2\/types\/page"}],"author":[{"embeddable":true,"href":"https:\/\/www.francois-fiore.fr\/index.php?rest_route=\/wp\/v2\/users\/1"}],"replies":[{"embeddable":true,"href":"https:\/\/www.francois-fiore.fr\/index.php?rest_route=%2Fwp%2Fv2%2Fcomments&post=612"}],"version-history":[{"count":14,"href":"https:\/\/www.francois-fiore.fr\/index.php?rest_route=\/wp\/v2\/pages\/612\/revisions"}],"predecessor-version":[{"id":628,"href":"https:\/\/www.francois-fiore.fr\/index.php?rest_route=\/wp\/v2\/pages\/612\/revisions\/628"}],"wp:attachment":[{"href":"https:\/\/www.francois-fiore.fr\/index.php?rest_route=%2Fwp%2Fv2%2Fmedia&parent=612"}],"curies":[{"name":"wp","href":"https:\/\/api.w.org\/{rel}","templated":true}]}}